{"id":428,"date":"2023-12-13T18:17:43","date_gmt":"2023-12-13T17:17:43","guid":{"rendered":"https:\/\/najp.ch\/?post_type=product&#038;p=428"},"modified":"2025-07-20T16:40:31","modified_gmt":"2025-07-20T14:40:31","slug":"bitcoin-maximalist-invisible-gleam","status":"publish","type":"product","link":"https:\/\/najp.ch\/?product=bitcoin-maximalist-invisible-gleam","title":{"rendered":"Bitcoin Invisible Gleam Maximalist"},"content":{"rendered":"<p>L&#8217;essentiel est invisible pour les yeux.<\/p>\n<p>R\u00e9alis\u00e9 avec pas moins de 24 billets de 1 Dollar US le tout couvert de feuille d&#8217;or et de peinture phosphorescente.<\/p>\n<p>De la peinture phosphorescente et \u00e9galement utilis\u00e9 pour r\u00e9v\u00e9ler Bitcoin dans dans la p\u00e9nombre.<\/p>\n<p>Limit\u00e9 \u00e0 10 exemplaires dans ce format.<\/p>\n<p>Pr\u00e9sent\u00e9 dans son cadre en aluminium noir mate.<\/p>\n<p>&nbsp;<\/p>\n","protected":false},"excerpt":{"rendered":"<p>Tableau Bitcoin r\u00e9alis\u00e9 avec des dollars am\u00e9ricain, de la feuille d&#8217;or et de peinture phosphorescente.<\/p>\n","protected":false},"featured_media":436,"template":"","meta":{"neve_meta_sidebar":"","neve_meta_container":"","neve_meta_enable_content_width":"off","neve_meta_content_width":100,"neve_meta_title_alignment":"","neve_meta_author_avatar":"","neve_post_elements_order":"","neve_meta_disable_header":"","neve_meta_disable_footer":"","neve_meta_disable_title":"","_themeisle_gutenberg_block_has_review":false},"product_brand":[],"product_cat":[47],"product_tag":[],"class_list":{"0":"post-428","1":"product","2":"type-product","3":"status-publish","4":"has-post-thumbnail","6":"product_cat-missed","7":"product_shipping_class-pl","9":"first","10":"outofstock","11":"purchasable","12":"product-type-simple"},"_links":{"self":[{"href":"https:\/\/najp.ch\/index.php?rest_route=\/wp\/v2\/product\/428","targetHints":{"allow":["GET"]}}],"collection":[{"href":"https:\/\/najp.ch\/index.php?rest_route=\/wp\/v2\/product"}],"about":[{"href":"https:\/\/najp.ch\/index.php?rest_route=\/wp\/v2\/types\/product"}],"wp:featuredmedia":[{"embeddable":true,"href":"https:\/\/najp.ch\/index.php?rest_route=\/wp\/v2\/media\/436"}],"wp:attachment":[{"href":"https:\/\/najp.ch\/index.php?rest_route=%2Fwp%2Fv2%2Fmedia&parent=428"}],"wp:term":[{"taxonomy":"product_brand","embeddable":true,"href":"https:\/\/najp.ch\/index.php?rest_route=%2Fwp%2Fv2%2Fproduct_brand&post=428"},{"taxonomy":"product_cat","embeddable":true,"href":"https:\/\/najp.ch\/index.php?rest_route=%2Fwp%2Fv2%2Fproduct_cat&post=428"},{"taxonomy":"product_tag","embeddable":true,"href":"https:\/\/najp.ch\/index.php?rest_route=%2Fwp%2Fv2%2Fproduct_tag&post=428"}],"curies":[{"name":"wp","href":"https:\/\/api.w.org\/{rel}","templated":true}]}}