{"id":1060,"date":"2025-09-14T22:06:53","date_gmt":"2025-09-14T20:06:53","guid":{"rendered":"https:\/\/najp.ch\/?post_type=product&#038;p=1060"},"modified":"2025-10-30T11:14:32","modified_gmt":"2025-10-30T10:14:32","slug":"silk-road-souvenir-n_-21-x-bitcoin-store-pack","status":"publish","type":"product","link":"https:\/\/najp.ch\/?product=silk-road-souvenir-n_-21-x-bitcoin-store-pack","title":{"rendered":"Silk Road Souvenir N\u00b0_\/21  x Bitcoin Store (Pack)"},"content":{"rendered":"<p class=\"text-[22px]\">Micro s\u00e9rie unique de 21 exemplaires consacr\u00e9 au premier r\u00e9seau qui \u00e0 su voir la valeur et l&#8217;utilit\u00e9 de Bitcoin \u00e0 un moment ou peut y croyait.<\/p>\n<div class=\"prose body-secondaryText lg:block hidden\">\n<p>L&#8217;\u0153uvre est r\u00e9alis\u00e9 \u00e0 la feuille d\u2019or et \u00e0 la feuille d\u2019aluminium verte, inspir\u00e9 du design de la c\u00e9l\u00e8bre market place du Deep web .<\/p>\n<p>Ce billet de 1 dollar est enti\u00e8rement recouvert de feuille d&#8217;or, dissimulant toute information sur la transaction qui s\u2019op\u00e8re dessous.<\/p>\n<p>Vendue avec certificat d&#8217;authenticit\u00e9 signer de l&#8217;artiste au dos avec la num\u00e9rotation .<\/p>\n<\/div>\n<p><strong>Rendez vous sur le site de <a href=\"https:\/\/bitcoinstore.fr\/product\/silkroad-souvenirs-by-naj-p-art\">Bitcoin Store<\/a> pour choisir votre pack. <\/strong><br \/>\nAu choix: une casquette brod\u00e9e au fil dor\u00e9e ou avec le t-shirt \u00e9galement brod\u00e9 \u00e0 la manche gauche.<\/p>\n","protected":false},"excerpt":{"rendered":"<p><strong>Disponible uniquement chez <a href=\"https:\/\/bitcoinstore.fr\/product\/silkroad-souvenirs-by-naj-p-art\">Bitcoin Store<\/a><\/strong><\/p>\n","protected":false},"featured_media":1063,"template":"","meta":{"neve_meta_sidebar":"","neve_meta_container":"","neve_meta_enable_content_width":"off","neve_meta_content_width":100,"neve_meta_title_alignment":"","neve_meta_author_avatar":"","neve_post_elements_order":"","neve_meta_disable_header":"","neve_meta_disable_footer":"","neve_meta_disable_title":"","_themeisle_gutenberg_block_has_review":false},"product_brand":[],"product_cat":[47],"product_tag":[],"class_list":{"0":"post-1060","1":"product","2":"type-product","3":"status-publish","4":"has-post-thumbnail","6":"product_cat-missed","7":"product_shipping_class-reco","9":"first","10":"outofstock","11":"shipping-taxable","12":"purchasable","13":"product-type-simple"},"_links":{"self":[{"href":"https:\/\/najp.ch\/index.php?rest_route=\/wp\/v2\/product\/1060","targetHints":{"allow":["GET"]}}],"collection":[{"href":"https:\/\/najp.ch\/index.php?rest_route=\/wp\/v2\/product"}],"about":[{"href":"https:\/\/najp.ch\/index.php?rest_route=\/wp\/v2\/types\/product"}],"wp:featuredmedia":[{"embeddable":true,"href":"https:\/\/najp.ch\/index.php?rest_route=\/wp\/v2\/media\/1063"}],"wp:attachment":[{"href":"https:\/\/najp.ch\/index.php?rest_route=%2Fwp%2Fv2%2Fmedia&parent=1060"}],"wp:term":[{"taxonomy":"product_brand","embeddable":true,"href":"https:\/\/najp.ch\/index.php?rest_route=%2Fwp%2Fv2%2Fproduct_brand&post=1060"},{"taxonomy":"product_cat","embeddable":true,"href":"https:\/\/najp.ch\/index.php?rest_route=%2Fwp%2Fv2%2Fproduct_cat&post=1060"},{"taxonomy":"product_tag","embeddable":true,"href":"https:\/\/najp.ch\/index.php?rest_route=%2Fwp%2Fv2%2Fproduct_tag&post=1060"}],"curies":[{"name":"wp","href":"https:\/\/api.w.org\/{rel}","templated":true}]}}